w(r) = 4*r**3 + 2*r**2 + r - 1. What is w(2)?
41
Let d(y) = -6*y**2 + 3*y - 3. Give d(2).
-21
Let p(n) = n**3 - 2*n**2 + 2*n + 1. Determine p(0).
1
Let r(p) = 38*p + 4. Calculate r(2).
80
Let k(g) = -g**3 - 5*g**2 - 5*g - 8. Calculate k(-4).
-4
Let w(g) = -4*g + 28. Determine w(16).
-36
Let g(z) = -z**3 - 12*z**2 - 22*z - 24. Give g(-10).
-4
Let b(f) = 3*f - 3. What is b(2)?
3
Let r(s) = -3*s**2 + s - 9. Give r(3).
-33
Let i(r) = r**2 + 26*r + 139. Calculate i(-19).
6
Let c(o) = -o**2 + 13*o + 4. Calculate c(13).
4
Let c(a) = 14*a - 14. Determine c(6).
70
Let g(x) = -2*x**3 + 38*x**2 - 36*x - 22. Determine g(18).
-22
Let p(s) = -8*s + 43. Give p(6).
-5
Let k(y) = 3*y**2 + 112*y + 33. Calculate k(-37).
-4
Let y(r) = r**2 - 8*r + 1. Give y(6).
-11
Let c(n) = -n**2 - 3*n + 5. What is c(-5)?
-5
Let n(w) = w**3 + 9*w**2 - w + 16. Calculate n(-8).
88
Let f(g) = 4*g**2 + 4*g. Calculate f(-2).
8
Let y(b) = -2*b - 1. Give y(4).
-9
Let p(m) = 2*m**2 + 6*m - 210. What is p(-12)?
6
Let h(c) = c**3 + 6*c**2 + 18*c + 113. Determine h(-6).
5
Let v(r) = r + 13. Calculate v(9).
22
Let t(m) = m**3 - 6*m**2 - 4*m + 8. Give t(6).
-16
Let h(z) = 16*z - 122. What is h(7)?
-10
Let v(n) = n**3 + 2*n**2 - 7. Give v(-3).
-16
Let o(n) = 16*n - 95. Give o(6).
1
Let m(f) = 4*f - 108. What is m(28)?
4
Let u(m) = 2*m + 73. Give u(-18).
37
Let p(d) = -d**2 + 3*d + 10. What is p(5)?
0
Let t(i) = -45*i + 590. Calculate t(13).
5
Let l(q) = -q**3 + 14*q**2 - 15*q - 7. Calculate l(13).
-33
Let o(r) = -287*r + 1428. Determine o(5).
-7
Let m(o) = -21*o + 123. What is m(6)?
-3
Let c(r) = -13*r - 5. Calculate c(-1).
8
Let x(z) = z**2 - 7*z + 7. Determine x(4).
-5
Let n(h) = h**3 + 6*h**2 + 4*h - 12. Give n(-5).
-7
Let k(w) = 3*w**2 + 43*w + 57. What is k(-13)?
5
Let o(j) = 10*j - 5. What is o(-4)?
-45
Let h(o) = -o**2 + 8*o + 13. Give h(10).
-7
Let u(h) = -2*h**3 + 2*h**2 + 2*h + 1. What is u(-2)?
21
Let c(m) = -59*m + 18. Calculate c(2).
-100
Let g(y) = y**3 - 2*y + 62. What is g(0)?
62
Let h(v) = 2*v + 4. What is h(-6)?
-8
Let v(d) = -3*d**2 + 6*d - 2. What is v(2)?
-2
Let n(y) = -16*y**3 + 3*y**2 + 3*y + 1. Calculate n(-1).
17
Let p(q) = q**3 + 6*q**2 - 18*q - 33. What is p(-6)?
75
Let m(r) = r**3 - 6*r**2 - 6*r - 8. Give m(7).
-1
Let z(h) = -51*h - 222. What is z(-4)?
-18
Let y(u) = -u**3 - 11*u**2 - u - 8. What is y(-11)?
3
Let o(d) = 8*d + 63. Determine o(-9).
-9
Let j(i) = 5*i + 12. What is j(-9)?
-33
Let k(t) = -3*t + 5. Give k(10).
-25
Let d(h) = 10*h + 101. Give d(-11).
-9
Let v(s) = 7*s - 41. Determine v(-4).
-69
Let o(j) = j**2 + j - 6. What is o(-2)?
-4
Let r(p) = p**2 - 2*p + 8. What is r(0)?
8
Let b(w) = 11*w - 7. Determine b(-2).
-29
Let v(y) = -11*y + 48. Calculate v(9).
-51
Let r(k) = -7*k**2 + 12*k - 13. Give r(1).
-8
Let j(c) = -4*c**2 + c - 30. Calculate j(-4).
-98
Let d(u) = u**3 + u**2 + 9*u + 11. Calculate d(-2).
-11
Let r(h) = -h**2 - 81*h - 515. Give r(-74).
3
Let y(m) = 3*m - 77. Give y(24).
-5
Let c(o) = -18*o - 235. Give c(-13).
-1
Let q(l) = -l + 3. What is q(4)?
-1
Let n(x) = -7*x + 3. What is n(-2)?
17
Let y(f) = f**2 - 3*f - 12. What is y(5)?
-2
Let b(r) = -r**3 - 13*r**2 + 15*r + 12. Give b(-14).
-2
Let q(b) = 2*b + 6. Determine q(5).
16
Let b(x) = x - 10. Give b(-3).
-13
Let h(f) = 2*f**3 - 12*f**2 + 10*f - 21. Determine h(6).
39
Let x(y) = -27*y + 78. Determine x(3).
-3
Let o(x) = 2*x**2 - 2*x - 61. Give o(7).
23
Let p(b) = b + 37. What is p(5)?
42
Let b(i) = i**3 + 2*i**2 - 5*i - 3. What is b(-3)?
3
Let m(r) = r - 15. What is m(0)?
-15
Let b(u) = -u**2 - 16*u - 12. Determine b(-14).
16
Let j(a) = -56*a**2 + 109*a + 1. Give j(2).
-5
Let m(y) = 27*y**3 - 3*y**2 + 2*y + 2. Give m(1).
28
Let k(v) = -5*v**3 + 3*v**2 + 3*v + 2. Calculate k(-2).
48
Let x(v) = -v**3 + 5*v**2 - 7*v + 16. Calculate x(4).
4
Let o(s) = -20*s. Determine o(-1).
20
Let o(s) = -2*s**2 + 8*s - 2. Determine o(4).
-2
Let p(w) = -w**3 + 37*w**2 - 3*w + 106. What is p(37)?
-5
Let p(n) = 4*n**2 - 5*n + 4. What is p(1)?
3
Let u(k) = k + 28. Give u(-7).
21
Let c(f) = -33*f**3 - 2*f + 2. Determine c(1).
-33
Let x(i) = -i**3 - i - 2. Calculate x(-1).
0
Let n(m) = -35*m. Give n(-1).
35
Let g(f) = 34*f - 45. Determine g(1).
-11
Let g(a) = a**3 + 15*a**2 + 18*a + 5. Calculate g(-13).
109
Let y(g) = 2*g**2 - 6*g + 6. Give y(4).
14
Let o(r) = 2*r - 1. What is o(-3)?
-7
Let j(y) = y**2 + 13*y - 46. Determine j(-16).
2
Let k(l) = 2*l**2 - 8*l + 3. Give k(5).
13
Let z(t) = -t**2 - 3*t + 40. Determine z(7).
-30
Let l(s) = 16*s**3 - s**2 + s + 2. What is l(-1)?
-16
Let n(i) = -2*i**3 + 3*i**2 - 3*i + 5. Determine n(3).
-31
Let k(z) = -2*z**2 + 5*z + 14. Determine k(-3).
-19
Let o(f) = f**2 - 6*f - 21. Give o(9).
6
Let t(h) = h**3 - 11*h**2 - 12*h - 9. Give t(12).
-9
Let d(m) = m + 15. Give d(-8).
7
Let a(c) = -c**3 - 19*c**2 - 19*c - 14. Calculate a(-18).
4
Let k(u) = -3*u + 1. Calculate k(14).
-41
Let r(y) = -y**3 + 7*y**2 + 3. What is r(6)?
39
Let w(h) = -h**2 - 12*h + 1. Give w(-10).
21
Let r(n) = -2*n**2 - 32*n - 20. Give r(-15).
10
Let t(w) = 2*w - 7. Calculate t(-6).
-19
Let i(f) = -f**2 - 7*f - 13. Determine i(-5).
-3
Let k(p) = -3*p + 1. Calculate k(3).
-8
Let z(k) = -55*k - 302. What is z(-6)?
28
Let s(t) = 6*t**3 + 32*t**2 - 49. Calculate s(-5).
1
Let n(h) = -5*h + 68. Give n(12).
8
Let t(s) = -9*s + 1. Give t(1).
-8
Let f(c) = -5*c - 131. What is f(-26)?
-1
Let t(q) = -q**2 + 29*q + 99. Calculate t(32).
3
Let p(h) = h + 14. What is p(-10)?
4
Let u(h) = 479*h - 474. Determine u(1).
5
Let r(y) = -2*y**3 + y**2 + 2*y - 1. What is r(1)?
0
Let j(t) = t + 28. Calculate j(-11).
17
Let c(d) = 2*d**2 - 6*d - 34. Give c(6).
2
Let c(y) = y**3 + 22*y**2 - 25*y - 50. Calculate c(-23).
-4
Let x(n) = n**3 - 4*n**2 - n + 6. Give x(3).
-6
Let d(q) = -q**2 - 4*q - 6. What is d(-6)?
-18
Let w(f) = -4*f + 23. What is w(7)?
-5
Let v(b) = -40*b**2 - 1. Give v(1).
-41
Let z(l) = l**2 + 13*l - 54. What is z(3)?
-6
Let u(b) = -b**2 + 9*b + 2. Calculate u(10).
-8
Let f(q) = -q**3 + 5*q**2 - 6*q + 15. Give f(4).
7
Let v(m) = 7*m - 8. Determine v(2).
6
Let j(h) = h**2 - 8*h + 1. Determine j(8).
1
Let x(v) = 10*v**2 + 41*v + 2. Calculate x(-4).
-2
Let c(b) = -6*b - 5. Determine c(4).
-29
Let k(p) = -26*p + 109. What is k(4)?
5
Let u(i) = -i**3 - 6*i**2 + 5*i + 19. What is u(-6)?
-11
Let n(u) = u + 6. Give n(-12).
-6
Let z(f) = f - 15. Give z(19).
4
Let y(r) = r**3 + 9*r**2 + 4*r + 30. What is y(-9)?
-6
Let x(n) = 3*n**2 + 6*n + 4. Give x(-5).
49
Let x(s) = s + 1. Give x(7).
8
Let x(m) = -m**3 + 6*m**2 - 5*m - 1. Determine x(4).
11
Let f(a) = -29*a**3 - 1. Determine f(1).
-30
Let u(m) = m**3 + 6*m**2 + 9*m + 8. What is u(-4)?
4
Let z(o) = 218*o + 1088. Determine z(-5).
-2
Let k(l) = 2*l**3 + 15*l**2 + 8*l + 23. Determine k(-7).
16
Let f(d) = d**2 + 8*d + 1. Give f(-6).
-11
Let f(v) = -v**3 - 9*v**2 - 2*v + 7. Determine f(-9).
25
Let o(y) = -3*y**3 + 2*y**2 - y. Calculate o(3).
-66
Let d(g) = -3*g**2 + 4*g - 14. Determine d(4).
-46
Let l(z) = z + 21. Determine l(0).
21
Let h(r) = -10*r**2 - 2*r + 2. Give h(-2).
-34
Let g(s) = -7*s**2 + 2. Give g(-1).
-5
Let r(p) = p**2 - 5. Give r(-3).
4
Let k(z) = -20*z + 99. What is k(4)?
19
Let a(u) = -u**3 + 5*u**2 - 2*u - 2. What is a(5)?
-12
Let h(f) = 3*f**2 - 7*f + 1. What is h(2)?
-1
Let y(v) = -5*v - 127. Calculate y(-23).
-12
Let v(o) = -o**3 - 4*o**2 + o - 9. Calculate v(-5).
11
Let i(r) = 4*r - 49. Determine i(10).
-9
Let n(l) = -l**3 + 20*l**2 + 25*l - 15. Calculate n(21).
69
Let t(o) = -29*o + 77. Determine t(3).
-10
Let b(v) = 4*v + 11. Calculate b(9).
47
Let i(s) = -s**2 - s + 2. What is i(-2)?
0
Let l(w) = -4*w + 5. What is l(-3)?
17
Let y(w) = w**3 + 25*w**2 + 23*w + 22. Determine y(-24).
46
Let x(b) = -62*b - 623. Calculate x(-10).
-3
Let d(b) = -50*b**2 + 4*b - 1. Calculate d(1).
-47
Let f(n) = -n**3 - 13*n**2 + 13*n - 12. Determine f(-14).
2
Let p(s) = s**3 + 12*s**2 - 43*s + 17. Calculate p(-15).
-13
Let r(d) = 32*d + 63. Calculate r(-2).
-1
Let d(k) = k**2 - 8*k + 8. Give d(9).
17
Let x(f) = f**3 + 8*f**2 + 10*f + 9. Give x(-7).
-12
Let f(q) = q**3 - q**2 + q + 59. What is f(0)?
59
Let b(v) = -v**2 + 7*v - 16. Give b(0).
-16
Let v(j) = j - 14. Give v(10).
-4
Let z(b) = 3*b**2 - 5*b + 3. Determine z(4).
31
Let g(a) = -52*a - 265. What is g(-5)?
-5
Let f(v) =